+ (-836 - -849).
-17
What is (10 + -5 - 20) + 5 + 3 + 1 - -15?
9
Calculate -15 + (32 - 12) + -13 - 3.
-11
-64 + -10 - -37 - -76
39
What is the value of -11 + (11 - -4) + (-25 - 9 - -35)?
5
25 - (7 + -30 + 39 - 30)
39
(14 - (30 + 13)) + 9
-20
Calculate 7 + -22 - (1 - 10 - 22).
16
What is the value of (26 - (12 - 2)) + 33 + -3?
46
Evaluate 1 + -49 + 166 + -191 + 4 + 30.
-39
What is the value of -38 - (7 + -12) - (402 + -420)?
-15
What is the value of (-8 - (76 - 16)) + (10 - 20 - 3)?
-81
Evaluate -11 - (0 - (-17 + (-11 - -17)) - -11).
-33
What is the value of -13 - (2 + -7) - (945 - 1033)?
80
What is the value of (-1 - 38) + -60 + (-13 - (-20 - 59))?
-33
6 - (17 + (-5 - -13) + 1 + -3)
-17
-42 - (3 + 15 - 77)
17
What is (-22 + -9 - -24) + (-41 - (1 - -4))?
-53
What is the value of 32 - (62 - (65 - 31)) - (-108 + -3)?
115
Evaluate -54 + (31 + -7 - 1).
-31
Evaluate 14 - (13 - 10) - 25 - (4 - -5) - 12.
-35
(-8 - -127) + (-10 + 80 - 59)
130
Calculate -47 - (-14 - (-10 + 46)).
3
Evaluate (112 - 155) + (55 - 2).
10
Calculate -3449 + 3533 - (166 - 6).
-76
What is 18 + (-45 - (8 + -34))?
-1
Calculate 11 + (-58 - 1 - ((30 + 5 - 12) + -15)).
-56
Calculate (-29 - 91) + -201 + 407.
86
What is the value of (6 - (155 - 67)) + 153?
71
Evaluate -7 - ((9 - 18) + (1 - -8)) - -12 - 45.
-40
Evaluate -33 - (-49 - (19 + -27)) - (1 - 2).
9
What is 61 + ((-37 - -12) + 23 - (12 + 4))?
43
Calculate 14 + -1 + (26 - 37) - -33.
35
What is the value of 9 + -3 + -2 + 17 + (-14 - 9)?
-2
What is -8 + -10 + 17 + 4 + (-3 + 16 - -10)?
26
Evaluate -77 + 22 + 22 + 18.
-15
Calculate -2 - (-8 + (-42 - (-22 - -13))).
39
What is the value of -2 - -39 - (-1300 + 1298)?
39
What is the value of 56 + -68 + -24 + 21?
-15
Calculate 4 + (0 - (6 + 2)) + -43 + (6 - 4).
-45
What is the value of 98 + -107 + (4 - (-7 - -7) - 63)?
-68
Calculate (74 - 19) + 135 + -200.
-10
Calculate -20 - (64 + -3 - 28).
-53
Evaluate 15 - (30 - (4 + 30)).
19
What is (6 - -1) + 60 - (-9 - ((-5 - 0) + 5))?
76
Calculate 441 + -618 - (7 - 82).
-102
What is the value of -1 + -22 + 12 - -32 - 37 - 25?
-41
Calculate 49 + (22 - ((13 - 16) + (24 - 14))).
64
Calculate (-38 + 3 - (-9 - -25)) + (-2 - -4 - 3).
-52
What is the value of 8 + -8 + -14 + (-2 - -6) + 94 + 9?
93
-235 + 268 + 41 + -11 + -1
62
Calculate (18 - -23) + (-167 - -144).
18
-63 + (4 - 2) + (-36 + 4 - -34) + 5
-54
What is the value of 1 + -105 - (-3 - (-2 + 9)) - (-9 + 7)?
-92
Evaluate (18 - (32 + -10)) + -19 + 21 + -38.
-40
What is 23 + -43 - (440 + -347)?
-113
Evaluate (-3 - 0) + 67 + (-1940 - -1947) + 15.
86
Evaluate 1086 - 1074 - (-5 + -18 - -3).
32
Evaluate 85 + -86 - (0 - (6 - 5) - -11).
-11
-49 + (58 - (21 - -42))
-54
What is the value of 23 + 56 + -4 + -19 + 46?
102
Evaluate (-55 - 0) + -1382 + 1428.
-9
Calculate 46 + -24 - (0 - -4) - 21.
-3
(-46 - -65) + 32 - (130 - 1)
-78
Calculate (42 - 2) + (25 - 71).
-6
Evaluate 49 + -40 + 5 + -40.
-26
Calculate -162 + 166 + 5 + 37.
46
What is the value of (1 - 0) + -23 + 4 + -7 + (-5 - -3)?
-27
What is the value of 44 + 1 + (0 + -40 - (880 - 892)) + 22?
39
Evaluate -6 + (6 - (9 + -16)) + (19 - 25).
1
Evaluate 10 + (12 + 3 - 10) + (-14 - 4).
-3
Evaluate 6595 - 6593 - (96 + -1).
-93
Evaluate 22 + (4 + 2 - 26) - -37.
39
Evaluate (1 + -41 - (-193 - -173)) + -22.
-42
Calculate (58 - -6 - 171) + -1 + (7 + 2 - 4).
-103
What is the value of 1 + -7 + 6 + (146 - 39) + -31?
76
Calculate 6 - (-5 + -1 + 1 + (-480 - -479)).
12
Evaluate 6 + 0 + 42 + -57 + (10 + -9 - 39).
-47
Calculate -463 - -258 - (-2 - 103).
-100
What is the value of -36 + 1 + (-1360 - -1360)?
-35
What is -8 - (5 - (2 + 5) - -13) - 1?
-20
What is (-27 - -118) + -119 + -32?
-60
What is (-24 - -2) + 20 + -5 + -25 + 19?
-13
What is the value of 49 + (11 - 26 - 7) + 15?
42
Evaluate (-60 - -41) + 25 + 3 + -3 + (1 - -1).
8
Calculate 5 + (58 + -13 - 42 - (-21 - 0)).
29
Evaluate 10 - (18 + -67) - (5 + -3).
57
Calculate (0 - -1 - (138 - 122) - -13) + 16.
14
Calculate 29 + -46 + 34 + -14.
3
(-1 - (-32 - -1) - (803 - 789)) + -78
-62
54 - ((-15 - 63) + 8 + 45)
79
Calculate 2 - 4 - (25 - ((13 - 7) + 19)).
-2
2 - ((26 - 155) + 62)
69
What is -23 + (-33 - (45 + -41 + 17))?
-77
Evaluate -19 + (-22 - (-3 - (-5 - -3))).
-40
What is (47 - (-52 - -120)) + -12?
-33
Evaluate -1 + 0 + 2 + (1 - 38 - -95).
59
What is the value of 1 + 6 + -4 + (37 - 6) + -35 + 12?
11
What is the value of 30 + 10 + -2 + -3 + (0 - (2 - 11))?
44
Evaluate -6253 + 6217 + 109 + -1.
72
(3 - 38) + 32 + -32
-35
What is 19 + (31 + -31 - -56) - (-1 - -3)?
73
Evaluate (-8 + 9 - (7 + -2 + -4)) + -24.
-24
Calculate -10 - -3 - (-68 + 10 - (10 + -11)).
50
Evaluate 124 + -1 - (13 - (-15 + 16)).
111
What is the value of 88 + -96 - -5 - (-87 - (-2 + 2))?
84
Calculate (-3409 - -3411) + (-85 + 1 - -1) + 8 + -1.
-74
(3 - (28 - -2) - -24) + 4 + -132 + 3
-128
Calculate 731 + -723 + (1 - (-2 + 49)).
-38
Calculate -10 - ((-45 - -14) + -36) - (-3 - -1 - -1).
58
Calculate -4 + (26 - 1) + -13 - (-9 - 8).
25
Evaluate (5 - 1 - ((-2 - 33) + 36)) + (73 - 1).
75
Evaluate -21 + -1 + (19 - 27) + 13 + 55.
38
What is 9 + 5 + -14 + 13 + 0 + -52?
-39
Calculate (-1 - (2 + 37)) + 9 + 20 + -12.
-23
Evaluate -3 + ((-14 - 3) + 14 - 7) - -128.
115
What is (-50 - (13 + -108)) + (-71 - -38)?
12
Evaluate -148 + 271 - ((2 - (2 - -2)) + (-87 - -92)).
120
What is the value of -1 + 11 + (-1 - (9 + -98 + -1 + -22))?
121
-5 + ((5 - 0) + 4 - (-3 + 14))
-7
Calculate (-14 - (-11 - -14)) + -1 + -87 - -17.
-88
What is the value of (-11 + 0 - (42 + -73)) + -5 - 39 - 11?
-35
-39 + (30 - -15) + -14
-8
What is the value of -49 - (-9 + (-34 - -33) - -41)?
-80
Evaluate 8 + -48 + -12 - (264 - 249).
-67
What is the value of 821 + -838 - (3 + -40)?
20
Calculate 42 + -18 + -132 + 49.
-59
61 + -60 - (-8 - -1 - (25 - 63))
-30
What is the value of -40 - 63 - (-7 + 30 - 10 - -10)?
-126
What is the value of -7 + -23 + -33 - (-2 + -6)?
-55
What is the value of (-52 - 0) + -2 + (38 + -1 - (-62 - -106))?
-61
What is 202 - 176 - (87 - 8)?
-53
What is 43 + -1 - (-64 - (82 - 150))?
38
-1 - (13 + -3 - (7 - (-14 + 23) - -7))
-6
21 + (-5 - 9) + (7 - -23) + -4 + 1
34
Evaluate -123 - (-2 - (2 + 14 + -9)) - -16.
-98
What is 618 - 723 - (-183 - 4)?
82
What is the value of (8 - 20 - (-1 + (-1 - 1))) + -10?
-19
What is the value of 70 + -241 + 111 + 86?
26
What is (8 - -15) + -7 + -10 + 54?
60
Calculate (0 - (14 - -6)) + (-39 - (-18 - 6)).
-35
-3 - (-81 + (9 - ((-1 - (-2 - 1)) + 6)))
77
Calculate 1 + 74 + -9513 + 9499.
61
Calculate 4 + 0 + -2 + (130 - 131) + -35 - 5.
-39
Calculate 15 + (-16 - -27) + 10 - 32.
4
10 - 88 - (-411 - -407)
-74
Evaluate 9 + (-28 - -10) - (-16 - -4) - (12 + -9).
0
Calculate (66 - (-50 + 15)) + 10 + (-8 - -22).
125
Evaluate (6 - 4 - (-11 - -16)) + -16 + 21 + -24.
-22
Calculate 46 - (-21 + 32) - (77 - 71).
29
What is the value of 6 + -5 - (-35 + 48)?
-12
Evaluate -14 + -60 + 29 + 17.
-28
1 + -16 + (162 - 205 - (-55 + -8)) - -90
95
Calculate -59 - (10 + -33 - 13).
-23
Calculate -45 - (-65 - -82) - -98.
36
Calculate -1 + 8 - -19 - (-28 - -33) - 13.
8
What is 30 - 1 - (-1418 + 1531)?
-84
What is the value of 84 + -98 + (21 - -15)?
22
What is the value of -74 - (-36 + 2 + -18)?
-22
23 - 93 - (30 + -68)
-32
Calculate 51 - -2 - (453 + -476 + 28 + 2).
46
What is the value of -36 - (-1 + (-6 - -10) - (10 + 1))?
-28
Calculate 9 - ((-9 - 82) + 168 + -1 + -9 + 0).
-58
What is 6 + (8 - -28 - 13) + (-4 - -8)?
33
What is the value of (60 - 3) + (-187 - -159) - 28?
1
Calculate (-32 - 569 - -651) + (-11 - -1) + -1.
39
What is the value of 15 + -1 + 3 + -30 + -10 + 28?
5
22 + -9 + (23 - 15) + 24
45
What is 8 - (65 - 107 - -51)?
-1
-68 + 41 - (7 - (48 + 8))
22
Evaluate -2 + (-2 - -4) - 19 - (-372 - -376).
-23
What is the value of 9 + -8 + (19 - 26) + (-12 - 94) + 12?
-100
What is the value of 6 - (-11 + 6) - (-127 - (-22 + 15)) - 16?
115
Evaluate (0 - (11 - -3)) + (-7 - -25 - 0).
4
Evaluate (-5 - -11) + (35 + 12 + -29 - 14).
10
What is the value of -107 - (-94 + -61 + 50)?
-2
What is 62 + -74 + 16 + (-12 - (3 + -5)) + -3?
-9
9 + 10 + -9 + 3 + 0 + -39 + 2
-24
Evaluate (10412 - 10355) + (-72 - 1).
-16
-120 + 184 - 85 - 41
-62
What is the value of 13 + -45 - -50 - 28?
-10
(-62 - -81 - 10) + -10 + -1 + (40 - -1)
39
What is 28 - (124 - (-4 + -43 - -29))?
-114
What is 13 + -30 + 10 + -17 